{"id":2460,"date":"2021-06-01T10:50:31","date_gmt":"2021-06-01T15:50:31","guid":{"rendered":"https:\/\/boutique.histoire-archives-laurentides.com\/?post_type=product&#038;p=2460"},"modified":"2021-06-01T13:22:00","modified_gmt":"2021-06-01T18:22:00","slug":"saint-jerome-un-circuit-du-patrimoine-carte","status":"publish","type":"product","link":"https:\/\/boutique.histoire-archives-laurentides.com\/?product=saint-jerome-un-circuit-du-patrimoine-carte","title":{"rendered":"Saint-J\u00e9r\u00f4me Un circuit du patrimoine (carte)"},"content":{"rendered":"<p>Saint-J\u00e9r\u00f4me Un circuit du patrimoine (carte) Soci\u00e9t\u00e9 d\u2019histoire de la Rivi\u00e8re-du-Nord<\/p>\n<p>Cette carte a \u00e9t\u00e9 r\u00e9alis\u00e9 par la Soci\u00e9t\u00e9 d\u2019histoire de la Rivi\u00e8re-du-Nord.<\/p>\n<ul>\n<li>R\u00e9alisation : Richard C\u00f4t\u00e9<\/li>\n<li>R\u00e9alisation de cette deuxi\u00e8me \u00e9dition\u00a0: Linda Rivest<\/li>\n<\/ul>\n<p>Collaboration sp\u00e9ciale : Mgr Paul Labelle, Suzanne Marcotte, Ville de Saint-J\u00e9r\u00f4me \u2013 Service des communications<\/p>\n<p>Collaboration \u00e0 cette deuxi\u00e8me \u00e9dition : Monique Dupont, Marc Loiselle, Ginette Martin et divers collaborateurs<\/p>\n<p>Sources\u00a0:<\/p>\n<ul>\n<li>Un Circuit du patrimoine r\u00e9alis\u00e9 par Richard C\u00f4t\u00e9 et la S.H.R.N.<\/li>\n<li>\u00ab\u00a0Le vieux Saint-J\u00e9r\u00f4me en peinture\u00a0\u00bb, S.H.R.N.<\/li>\n<li>Chroniques de Mgr Paul Labelle, \u00c9cho du Nord<\/li>\n<li>Album-souvenirs du 150<sup>i\u00e8me<\/sup> anniversaire de la Ville de Saint-J\u00e9r\u00f4me<\/li>\n<li>Archives de la S.H.R.N.<\/li>\n<li>Archives de la Ville de Saint-J\u00e9r\u00e7ome<\/li>\n<\/ul>\n<p>Le Circuit du patrimoine a \u00e9t\u00e9 imprim\u00e9 sur du Rolland Enviro 100, un papier 100% postconsommation fabriqu\u00e9 par Cascades \u00e0 Saint-J\u00e9r\u00f4me; une gracieuset\u00e9 de Cascades Groupe Papiers Fins inc, division Rolland.<\/p>\n<p>Conception graphique, plans et impression\u00a0: Lithographie Andr\u00e9 Lachance inc.<\/p>\n<p>D\u00e9p\u00f4t l\u00e9gal, juin 2009<\/p>\n","protected":false},"excerpt":{"rendered":"<p>Soci\u00e9t\u00e9 d&rsquo;histoire de la Rivi\u00e8re-du-Nord<\/p>\n","protected":false},"featured_media":2456,"comment_status":"open","ping_status":"closed","template":"","meta":[],"product_cat":[46],"product_tag":[],"class_list":{"0":"post-2460","1":"product","2":"type-product","3":"status-publish","4":"has-post-thumbnail","6":"product_cat-autres","8":"first","9":"instock","10":"purchasable","11":"product-type-simple"},"_links":{"self":[{"href":"https:\/\/boutique.histoire-archives-laurentides.com\/index.php?rest_route=\/wp\/v2\/product\/2460","targetHints":{"allow":["GET"]}}],"collection":[{"href":"https:\/\/boutique.histoire-archives-laurentides.com\/index.php?rest_route=\/wp\/v2\/product"}],"about":[{"href":"https:\/\/boutique.histoire-archives-laurentides.com\/index.php?rest_route=\/wp\/v2\/types\/product"}],"replies":[{"embeddable":true,"href":"https:\/\/boutique.histoire-archives-laurentides.com\/index.php?rest_route=%2Fwp%2Fv2%2Fcomments&post=2460"}],"wp:featuredmedia":[{"embeddable":true,"href":"https:\/\/boutique.histoire-archives-laurentides.com\/index.php?rest_route=\/wp\/v2\/media\/2456"}],"wp:attachment":[{"href":"https:\/\/boutique.histoire-archives-laurentides.com\/index.php?rest_route=%2Fwp%2Fv2%2Fmedia&parent=2460"}],"wp:term":[{"taxonomy":"product_cat","embeddable":true,"href":"https:\/\/boutique.histoire-archives-laurentides.com\/index.php?rest_route=%2Fwp%2Fv2%2Fproduct_cat&post=2460"},{"taxonomy":"product_tag","embeddable":true,"href":"https:\/\/boutique.histoire-archives-laurentides.com\/index.php?rest_route=%2Fwp%2Fv2%2Fproduct_tag&post=2460"}],"curies":[{"name":"wp","href":"https:\/\/api.w.org\/{rel}","templated":true}]}}